{"id":256,"date":"2024-08-19T22:34:27","date_gmt":"2024-08-19T21:34:27","guid":{"rendered":"https:\/\/amadoraemfesta.pt\/2025\/?page_id=256"},"modified":"2025-07-02T14:15:43","modified_gmt":"2025-07-02T13:15:43","slug":"convidados","status":"publish","type":"page","link":"https:\/\/amadoraemfesta.pt\/2025\/convidados\/","title":{"rendered":"Convidados"},"content":{"rendered":"<p>[et_pb_section fb_built=&#8221;1&#8243; admin_label=&#8221;Section&#8221; _builder_version=&#8221;4.27.0&#8243; _module_preset=&#8221;default&#8221; background_color=&#8221;#FFFFFF&#8221; background_image=&#8221;https:\/\/amadoraemfesta.pt\/2025\/wp-content\/uploads\/2025\/06\/AEF25_SITE_FUNDO.png&#8221; custom_padding=&#8221;||||false|false&#8221; hover_enabled=&#8221;0&#8243; global_colors_info=&#8221;{}&#8221; sticky_enabled=&#8221;0&#8243;][et_pb_row _builder_version=&#8221;4.27.0&#8243; _module_preset=&#8221;default&#8221; width_tablet=&#8221;&#8221; width_phone=&#8221;90%&#8221; width_last_edited=&#8221;on|phone&#8221; custom_padding=&#8221;0px||0px||true|false&#8221; global_colors_info=&#8221;{}&#8221;][et_pb_column type=&#8221;4_4&#8243; _builder_version=&#8221;4.27.0&#8243; _module_preset=&#8221;default&#8221; global_colors_info=&#8221;{}&#8221;][et_pb_text _builder_version=&#8221;4.27.0&#8243; _module_preset=&#8221;default&#8221; text_font_size=&#8221;24px&#8221; text_line_height=&#8221;2em&#8221; header_font=&#8221;|600||on|||||&#8221; header_text_align=&#8221;left&#8221; header_text_color=&#8221;#000000&#8243; border_color_all=&#8221;#FFFFFF&#8221; border_style_all=&#8221;dashed&#8221; border_width_bottom=&#8221;2px&#8221; border_color_bottom=&#8221;#000000&#8243; global_colors_info=&#8221;{}&#8221;]<\/p>\n<h1>Convidados<\/h1>\n<p>[\/et_pb_text][dpdfg_filtergrid custom_query=&#8221;advanced&#8221; multiple_cpt=&#8221;tribe_ext_instructor&#8221; post_number=&#8221;-1&#8243; orderby=&#8221;title&#8221; use_overlay=&#8221;off&#8221; title_link=&#8221;on&#8221; show_post_meta=&#8221;off&#8221; show_content=&#8221;on&#8221; truncate_content=&#8221;170&#8243; read_more=&#8221;on&#8221; read_more_text=&#8221;Saber mais&#8221; show_filters=&#8221;off&#8221; show_pagination=&#8221;off&#8221; items_width=&#8221;30%&#8221; column_gutter=&#8221;3em&#8221; row_gutter=&#8221;3em&#8221; dfg_loader=&#8221;c2&#8243; dfg_lc1=&#8221;#662F80&#8243; dfg_lc2=&#8221;#C7DD6E&#8221; items_width_tablet=&#8221;47%&#8221; items_width_phone=&#8221;47%&#8221; items_width_last_edited=&#8221;on|phone&#8221; admin_label=&#8221;Divi FilterGrid&#8221; _builder_version=&#8221;4.27.0&#8243; _module_preset=&#8221;default&#8221; dpdfg_entry_title_font=&#8221;|600||on|||||&#8221; dpdfg_entry_title_text_color=&#8221;#000000&#8243; dpdfg_entry_title_line_height=&#8221;1.3em&#8221; dpdfg_entry_summary_text_color=&#8221;#000000&#8243; custom_read_more_button=&#8221;on&#8221; read_more_button_text_size=&#8221;14px&#8221; read_more_button_text_color=&#8221;#FFFFFF&#8221; read_more_button_bg_color=&#8221;#000000&#8243; read_more_button_border_width=&#8221;0px&#8221; read_more_button_border_radius=&#8221;0px&#8221; read_more_button_use_icon=&#8221;off&#8221; read_more_button_alignment=&#8221;left&#8221; custom_padding=&#8221;||||false|false&#8221; border_width_all=&#8221;0px&#8221; box_shadow_style=&#8221;preset1&#8243; global_colors_info=&#8221;{}&#8221;][\/dpdfg_filtergrid][\/et_pb_column][\/et_pb_row][\/et_pb_section]<\/p>\n","protected":false},"excerpt":{"rendered":"<p>Convidados<div class=\"et_pb_module dpdfg_filtergrid dpdfg_filtergrid_0\">\n\t\t\t\t\n\t\t\t\t\n\t\t\t\t\n\t\t\t\t\n\t\t\t\t\n\t\t\t\t\n\t\t\t\t<div class=\"et_pb_module_inner\">\n\t\t\t\t\t<!-- DPDFG Start Main Container --><div class=\"dp-dfg-container dp-dfg-layout-grid dp-dfg-skin-default dp-dfg-skin-top-filters\" data-active-filter=\"all\" data-page=\"1\" data-found-posts=\"2\" data-post-number=\"0\" data-default-filter=\"All\" data-link-filter=\"\" data-cache=\"off\" data-ratio=\"0.71\" data-show-thumb=\"on\" data-action=\"link\" data-new-window=\"off\" data-filters=\"off\" data-date-filters=\"off\" data-multifilter=\"off|OR\" data-multilevel=\"off|AND|off\" data-sorting=\"off\" data-order=\"DESC\" data-orderby=\"&#8221;title&#8221;\" data-initorderby=\"&#8221;title&#8221;\" data-url-navigation=\"off\" data-url-history=\"on|reload\" data-ajax-filters=\"off\" data-doing-ajax=\"off\" data-module=\"dpdfg_filtergrid_0\" data-search=\"off\" data-search-position=\"above\" data-terms-tags=\"on\" data-pagination=\"&#8221;off&#8221;\" data-filter-method=\"default\" data-third-party=\"\" data-lightbox=\"on|||\" data-video-preview=\"off\" data-no-init=\"off\" data-st=\"on\" data-no-results=\"off\"><div class=\"dp-dfg-items\"><article id=\"post-1411\" class=\"dp-dfg-item post-1411 post type-post status-publish format-standard has-post-thumbnail hentry category-noticias\"     data-position=\"0\"   data-new-tab=\"off\"   data-action-priority=\"item\"><figure class=\"dp-dfg-image entry-thumb\"><a href=\"https:\/\/amadoraemfesta.pt\/2025\/e-um-encontro-conheca-a-programacao\/\" class=\"dp-dfg-image-link\" ><img loading=\"lazy\" decoding=\"async\" class=\"dp-dfg-featured-image\" src=\"https:\/\/amadoraemfesta.pt\/2025\/wp-content\/uploads\/2025\/09\/Design-sem-nome-5-400x284.png\" alt=\"\u00c9 UM ENCONTRO &#8211; Conhe\u00e7a o programa\" width=\"400\" height=\"284\" data-ratio=\"0.71\"\/><\/a><\/figure><div class=\"dp-dfg-header entry-header\"><h2 class=\"entry-title\">\u00c9 UM ENCONTRO &#8211; Conhe\u00e7a o programa<\/h2><\/div><div class=\"dp-dfg-content entry-summary\">Conhe\u00e7a aqui a programa\u00e7\u00e3o da II edi\u00e7\u00e3o do Festival Gastron\u00f3mico \u00c9 UM ENCONTRO.\r\n\r\n_____________________________________________________________________________________________________________________________________________________________________________________________________________\r\n\r\n&nbsp;\r\n\r\nPrograma\u00e7\u00e3o:\r\n\r\n&#x1f4cc;12 setembro\r\n\r\n17h30 \u2013 18h30 : #INAUGURA\u00c7\u00c3O\r\n\r\n19h00 \u2013 20h00: #TERT\u00daLIA \u00c9 UMA CONVERSA\u2026 sobre Responsabilidade Social\r\n\r\n20h00 \u2013 21h00: #SHOWCOOKING Tradi\u00e7\u00e3o com Tia Em\u00edlia Cardoso\r\n\r\n20h00 \u2013 20h30: #DAN\u00c7A com EGZIT\r\n\r\n21h30 \u2013 22h30: #WORKSHOP de cocktails e prepara\u00e7\u00f5es com Constan\u00e7a Cordeiro\r\n\r\n21h00 \u2013 22h00: #M\u00daSICA com Guto Pires\r\n\r\n22h00 \u2013 00h00: #M\u00daSICA com Dj Riot\r\n\r\n&nbsp;\r\n\r\n&#x1f4cc;13 setembro\r\n\r\n13h30 \u2013 18h30: #PROGRAMA\u00c7\u00c3O CULTURAL com Clube Metrox (atividades para crian\u00e7as)\r\n\r\n15h00 \u2013 16h00: #TERT\u00daLIA \u00c9 UMA CONVERSA\u2026 sobre g\u00e9nero e gastronomia\r\n\r\n15h00 \u2013 16h00: #DAN\u00c7A com Barsha\r\n\r\n16h30 \u2013 18h00: #ARTE MARCIAL Capoeira\r\n\r\n17h00 \u2013 18h00: #TERT\u00daLIA \u00c9 UMA HIST\u00d3RIA\u2026 sobre gastronomia como express\u00e3o cultural\r\n\r\n18h00 \u2013 19h00: #SHOWCOOKING Fus\u00e3o com Tia C\u00e1tia x Ruth Falc\u00e3o\r\n\r\n19h00 \u2013 20h00: #M\u00daSICA com Batucadeiras S\u00e3o Miguel de Arcanjo\r\n\r\n19h30 \u2013 20h30: #SHOWCOOKING Fus\u00e3o com Chef Justa Nobre x F\u00e1tima Vera Cruz\r\n\r\n&nbsp;\r\n\r\n&#x1f4cc;14 setembro\r\n\r\n14h00 \u2013 15h00: #SHOWCOOKING Chefs com Chef Rui Ribeiro\r\n\r\n16h00 \u2013 17h00: #SHOWCOOKING Fus\u00e3o com Nuno Bergonse x Rosana Pena\r\n\r\n17h00 \u2013 18h00: #TERT\u00daLIA \u00c9 UM SUCESSO\u2026 da Amadora\r\n\r\n17h00 \u2013 18h00: #M\u00daSICA com Batucadeiras Bandeirinha Panafrikanista\r\n\r\n18h00 \u2013 19h00: #SHOWCOOKING Fus\u00e3o com Chef Chakall x Edward Munoz Barrios\r\n\r\n18h00 \u2013 19h00: #M\u00daSICA com Mem\u00e9 Landim\r\n\r\n20h30 \u2013 21h30: #DAN\u00c7A com Kirat Rai Society Portugal<\/div><\/article><!-- DPDFG End Post Item Container --><article id=\"post-1380\" class=\"dp-dfg-item post-1380 post type-post status-publish format-standard has-post-thumbnail hentry category-noticias tag-festa-do-livro\"     data-position=\"1\"   data-new-tab=\"off\"   data-action-priority=\"item\"><figure class=\"dp-dfg-image entry-thumb\"><a href=\"https:\/\/amadoraemfesta.pt\/2025\/evento-x-festa-do-livro\/\" class=\"dp-dfg-image-link\" ><img loading=\"lazy\" decoding=\"async\" class=\"dp-dfg-featured-image\" src=\"https:\/\/amadoraemfesta.pt\/2025\/wp-content\/uploads\/2025\/09\/Banner-generico-horizontal_1920x1080px-400x284.jpg\" alt=\"Confira a programa\u00e7\u00e3o da X Festa do Livro\" width=\"400\" height=\"284\" data-ratio=\"0.71\"\/><\/a><\/figure><div class=\"dp-dfg-header entry-header\"><h2 class=\"entry-title\">Confira a programa\u00e7\u00e3o da X Festa do Livro<\/h2><\/div><div class=\"dp-dfg-content entry-summary\">De 12 a 14 de setembro, na Biblioteca Municipal Fernando Piteira Santos.\r\n_________________________________________________________________________________________________________________________________________________________________________________________________________________________________________________\r\n16h00-21h00 (sex)\r\n10h00-21h00 (s\u00e1b e dom)\r\nFeira do Livro\r\nCom Alfarroba, Orfeu Negro, Rel\u00f3gio D\u2019\u00c1gua, Tinta da China\r\nExterior da Biblioteca\r\n12 de setembro\r\n17h30\u00a0\r\nDebate Palavras Cruzadas: Identidade e Cultura\r\nCom Safaa Dib e Wladimir Vaz\r\nDois percursos e trajet\u00f3rias de vida diferentes unem-se para uma conversa onde refletimos sobre identidade, cultura e transforma\u00e7\u00e3o.\r\nPiso 0\r\n18h30\u00a0\r\nDebate A palavra como espa\u00e7o de encontro\r\nCom Andr\u00e9 Tecedeiro e Mariana Jones\r\nUma conversa sobre o poder das palavras enquanto ferramentas para abrir caminhos, derrubar barreiras e construir espa\u00e7os de di\u00e1logo inclusivos.\r\nPiso 0\r\n19h30\r\nDebate A banda desenhada \u00e9 pol\u00edtica?\u00a0\r\nCom Marcos Farrajota e Sara Figueiredo Costa\r\nNem s\u00f3 por palavras se questiona o mundo. Uma conversa onde exploramos como a BD l\u00ea o universo pol\u00edtico, desafia poderes e cria novas narrativas para pensar o presente.\r\nPiso 0\r\n20h30\r\nPerformance Mulheres Poema: \u201cSomos M\u00e3os Unidas\u201d\r\nCom Maria Caetano Vilalobos e Rute Rocha Ferreira\r\nUma celebra\u00e7\u00e3o em verso de mulheres que marcaram pela sua vis\u00e3o do mundo e da vida, combinando poesia autoral e de reconhecidas autoras da literatura portuguesa, com palavra dita e m\u00fasica.\r\nExterior da Biblioteca\r\n\r\n13 de setembro\r\n10h00\u00a0\r\nOficina Escrita Criativa\u00a0\r\nCom Possid\u00f3nio Cachapa\r\nUm convite para brincar com palavras, explorar novas formas de contar, experimentar outras vozes e testar os limites da nossa imagina\u00e7\u00e3o.\r\nP\u00fablico: geral. Inscri\u00e7\u00e3o para\u00a0bibliotecas@cm-amadora.pt\u00a0ou 214369054, pre\u00e7o: 5 eur\r\nAudit\u00f3rio Piso 0\r\n10h30\u00a0\r\nHora do conto\u00a0\r\nCom Eva Barros\r\nAtrav\u00e9s da voz e do poder da palavra, damos vida a hist\u00f3rias e convidamos mi\u00fados e fam\u00edlias a mergulhar num mundo cheio de imagina\u00e7\u00e3o e criatividade.\r\nP\u00fablico: fam\u00edlias\r\nPiso -1\r\n11h00\r\nCerim\u00f3nia de entrega do XXVIII Pr\u00e9mio Liter\u00e1rio Orlando Gon\u00e7alves\r\nO Pr\u00e9mio Liter\u00e1rio Orlando Gon\u00e7alves homenageia o antigo jornalista e escritor, figura hist\u00f3rica da Amadora, premiando uma obra de fic\u00e7\u00e3o narrativa.\r\nPiso 0\r\n11h45\u00a0\u00a0\r\nCerim\u00f3nia de entrega do III Pr\u00e9mio Cr\u00f3nica Jornal\u00edstica Rog\u00e9rio Rodrigues\r\nO Pr\u00e9mio Cr\u00f3nica Jornal\u00edstica Rog\u00e9rio Rodrigues homenageia a vida e a obra do jornalista e escritor Rog\u00e9rio Rodrigues, premiando bianualmente autores de cr\u00f3nicas jornal\u00edsticas.\r\nPiso 0\r\n12h30\u00a0\r\nDebate O Papel das Bibliotecas numa sociedade desafiante\r\nCom Ana Alves Pereira e Manuel Malzbender\r\nAs bibliotecas s\u00e3o historicamente centros de conhecimento e de acesso a informa\u00e7\u00e3o. Num mundo cada vez com mais desafios sociais e pol\u00edticos, qual \u00e9 o seu papel?\r\nPiso 0\r\n15h00\u00a0\r\nDebate Literatura no feminino em Portugal\r\nCom Margarida Vale de Gato e Tatiana Salem Levy\r\nUma conversa sobre como a literatura escrita por mulheres traduz, questiona e amplia a vis\u00e3o dominante do mundo, revelando formas alternativas de pensar identidade, corpo e sociedade.\r\nPiso 0\r\n16h00\u00a0\r\nDebate Representa\u00e7\u00e3o e diversidade na banda desenhada\r\nCom Ana Margarida Matos e Ricardo Parker\r\nA banda desenhada \u00e9, desde sempre, um lugar de cr\u00edtica e reflex\u00e3o social. Uma conversa onde refletimos sobre o papel desta linguagem na cria\u00e7\u00e3o de narrativas inclusivas.\r\nPiso 0\r\n17h00\u00a0\r\nDebate Literatura e jornalismo\r\nCom Ana Fran\u00e7a e Paula Cardoso\r\nO jornalista \u00e9 necessariamente um bom escritor? E o inverso? Vamos refletir sobre os cruzamentos entre literatura e jornalismo: do jornalismo liter\u00e1rio \u00e0 literatura que se alimenta de factos.\r\nPiso 0\r\n18h30\u00a0\r\nEspet\u00e1culo de dan\u00e7a\u00a0\r\nCom Heart Gun\r\nAtivo desde 2018, o grupo Heart Gun traz \u00e0 Festa do Livro da Amadora a energia vibrante do K-Pop numa atua\u00e7\u00e3o que combina dan\u00e7a, m\u00fasica e performance.\r\nExterior da biblioteca\r\n19h30\r\nConcerto Chica\r\nA m\u00fasica de Chica surge da implos\u00e3o pol\u00edtica e pessoal que caiu no seu lugar mais natural: a can\u00e7\u00e3o. A artista traz-nos um concerto intimista que junta o folk, o anti-folk e o jazz.\r\nExterior da biblioteca\r\n\r\n14 de setembro\r\n10h00\u00a0\r\nOficina Banda Desenhada\r\nCom Nuno Saraiva\r\nUm convite para criar personagens e construir narrativas explorando os c\u00f3digos e linguagens da banda desenhada.\r\nP\u00fablico: juvenil, maiores de 12 anos. Inscri\u00e7\u00e3o para\u00a0bibliotecas@cm-amadora.pt\u00a0ou 214369054, pre\u00e7o: 3 eur\r\nPiso 2\r\n12h00\u00a0\r\nDebate Na era do scroll, h\u00e1 palavras para a sa\u00fade mental?\r\nCom Catarina Janeiro e Daniel Sampaio\r\nUma conversa sobre o imediatismo da era digital e o seu impacto na sa\u00fade mental e na forma como comunicamos.\r\nPiso 0\r\n14h30\r\nDebate O poder da palavra na igualdade de g\u00e9nero\r\nCom C\u00e9lia Correia Loureiro e Maria Francisca Gama\r\nA palavra \u00e9, desde sempre, um meio de den\u00fancia, de amplifica\u00e7\u00e3o de vozes e de atenua\u00e7\u00e3o de desigualdades de g\u00e9nero. Mas, afinal, qual o poder da palavra na transforma\u00e7\u00e3o social?\r\nPiso 0\r\n16h00\u00a0\r\nEncontro Letras que desenham\r\nCom Pri Ballarin\r\nCom carimbos de letras em diferentes formas e tamanhos, esta oficina convida a criar imagens que ressignificam objetos, espa\u00e7os e a pr\u00f3pria escrita.\r\nP\u00fablico: fam\u00edlias, a partir dos 8 anos.\r\nPiso -1\r\n18h30\r\nDebate A plasticidade da palavra: caminhos da poesia portuguesa moderna\r\nCom Cl\u00e1udia Lucas Ch\u00e9u e Val\u00e9rio Rom\u00e3o\r\nUma conversa sobre como a poesia portuguesa se tem reinventado e entrela\u00e7ado com outras formas de express\u00e3o art\u00edstica para refletir identidade, criatividade e experi\u00eancia cultural.\r\nPiso 0\r\n20h00\u00a0\r\nJantar Liter\u00e1rio\u00a0\r\nCom Storytelling Lisboa\r\nJuntamo-nos \u00e0 volta da mesa para trocar experi\u00eancias, sabores e reflex\u00f5es. O prato principal? Contadores de hist\u00f3rias que nos levar\u00e3o por uma viagem de mem\u00f3rias e emo\u00e7\u00f5es.\r\nEmenta:\r\nEntrada:\u00a0Mini salgadinhos, p\u00e3o e azeitonas\r\nSopa:\u00a0Creme de legumes\r\nPrato principal - escolher uma destas op\u00e7\u00f5es:\u00a0Arroz de pato; Bacalhau gratinado com espinafres e broa; Alho franc\u00eas \u00e0 Br\u00e1s (op\u00e7\u00e3o vegetariana)\r\nSobremesa:\u00a0Cheesecake de frutos vermelhos | Fatia de bolo brigadeiro\r\nBebidas:\u00a0Vinho branco ou tinto, \u00e1gua, caf\u00e9\r\nInscri\u00e7\u00e3o\u00a0aqui\u00a0ou por transfer\u00eancia banc\u00e1ria para o IBAN PT50 0035 0041 0000 7917 930 51, enviando o comprovativo de pagamento e a op\u00e7\u00e3o de prato principal para o\u00a0geral@gerador.eu. Pre\u00e7o: 21,50 eur\r\nPiso 2<\/div><\/article><!-- DPDFG End Post Item Container --><\/div><div class=\"dp-dfg-announcer screen-reader-text\" aria-live=\"polite\" aria-atomic=\"true\"><\/div><\/div><!-- DPDFG End Main Container --><div class=\"dp-dfg-data dp-dfg-hide\"><div class=\"dp-dfg-ajax-data\" data-ajax=\"{&quot;custom_query&quot;:&quot;&amp;#8221;advanced&amp;#8221;&quot;,&quot;support_for&quot;:&quot;sfp&quot;,&quot;sfp_id&quot;:&quot;&quot;,&quot;include_categories&quot;:&quot;&quot;,&quot;current_post_type&quot;:&quot;on&quot;,&quot;multiple_cpt&quot;:&quot;&amp;#8221;tribe_ext_instructor&amp;#8221;&quot;,&quot;use_taxonomy_terms&quot;:&quot;off&quot;,&quot;multiple_taxonomies&quot;:&quot;category&quot;,&quot;taxonomies_relation&quot;:&quot;OR&quot;,&quot;include_terms&quot;:&quot;&quot;,&quot;terms_relation&quot;:&quot;IN&quot;,&quot;include_children_terms&quot;:&quot;on&quot;,&quot;exclude_taxonomies&quot;:&quot;category&quot;,&quot;exclude_taxonomies_relation&quot;:&quot;OR&quot;,&quot;exclude_terms&quot;:&quot;&quot;,&quot;meta_query&quot;:&quot;off&quot;,&quot;meta_cf_key&quot;:&quot;&quot;,&quot;meta_cf_value&quot;:&quot;&quot;,&quot;meta_cf_compare&quot;:&quot;Equal To&quot;,&quot;meta_cf_type&quot;:&quot;CHAR&quot;,&quot;related_taxonomies&quot;:&quot;&quot;,&quot;related_criteria&quot;:&quot;one_in_one&quot;,&quot;posts_ids&quot;:&quot;&quot;,&quot;post_number&quot;:&quot;&amp;#8221;-1&amp;#8243;&quot;,&quot;offset_number&quot;:&quot;0&quot;,&quot;order&quot;:&quot;DESC&quot;,&quot;orderby&quot;:&quot;&amp;#8221;title&amp;#8221;&quot;,&quot;meta_key&quot;:&quot;&quot;,&quot;meta_type&quot;:&quot;CHAR&quot;,&quot;show_private&quot;:&quot;off&quot;,&quot;current_author&quot;:&quot;off&quot;,&quot;sticky_posts&quot;:&quot;off&quot;,&quot;remove_current_post&quot;:&quot;off&quot;,&quot;no_results&quot;:&quot;No results found.&quot;,&quot;thumbnail_action&quot;:&quot;link&quot;,&quot;gallery_cf_name&quot;:&quot;&quot;,&quot;lightbox_elements&quot;:&quot;on|||&quot;,&quot;show_thumbnail&quot;:&quot;on&quot;,&quot;thumbnail_size&quot;:&quot;400x284&quot;,&quot;t_alt&quot;:&quot;title&quot;,&quot;use_overlay&quot;:&quot;&amp;#8221;off&amp;#8221;&quot;,&quot;show_title&quot;:&quot;on&quot;,&quot;title_link&quot;:&quot;&amp;#8221;on&amp;#8221;&quot;,&quot;show_post_meta&quot;:&quot;&amp;#8221;off&amp;#8221;&quot;,&quot;meta_separator&quot;:&quot; | &quot;,&quot;show_author&quot;:&quot;on&quot;,&quot;author_prefix_text&quot;:&quot;By &quot;,&quot;show_date&quot;:&quot;off&quot;,&quot;date_format&quot;:&quot;F j, Y&quot;,&quot;show_terms&quot;:&quot;off&quot;,&quot;show_terms_taxonomy&quot;:&quot;category&quot;,&quot;terms_separator&quot;:&quot;,&quot;,&quot;terms_links&quot;:&quot;on&quot;,&quot;show_comments&quot;:&quot;off&quot;,&quot;show_content&quot;:&quot;&amp;#8221;on&amp;#8221;&quot;,&quot;content_length&quot;:&quot;excerpt&quot;,&quot;truncate_content&quot;:&quot;&amp;#8221;170&amp;#8243;&quot;,&quot;truncate_excerpt&quot;:&quot;off&quot;,&quot;strip_html&quot;:&quot;on&quot;,&quot;action_button&quot;:&quot;off&quot;,&quot;action_button_text&quot;:&quot;Click Action Button&quot;,&quot;read_more&quot;:&quot;&amp;#8221;on&amp;#8221;&quot;,&quot;read_more_text&quot;:&quot;&amp;#8221;Saber&quot;,&quot;read_more_window&quot;:&quot;off&quot;,&quot;show_custom_fields&quot;:&quot;off&quot;,&quot;custom_fields&quot;:&quot;&quot;,&quot;show_custom_content&quot;:&quot;off&quot;,&quot;custom_content_container&quot;:&quot;on&quot;,&quot;custom_url&quot;:&quot;off&quot;,&quot;custom_url_field_name&quot;:&quot;&quot;,&quot;custom_url_target&quot;:&quot;same&quot;,&quot;show_video_preview&quot;:&quot;off&quot;,&quot;video_module&quot;:&quot;off&quot;,&quot;video_action&quot;:&quot;play&quot;,&quot;video_action_priority&quot;:&quot;on&quot;,&quot;video_overlay&quot;:&quot;on&quot;,&quot;video_overlay_icon&quot;:&quot;on&quot;,&quot;video_icon&quot;:&quot;&amp;#x49;||divi||400&quot;,&quot;video_icon_color&quot;:&quot;#ffffff&quot;,&quot;video_overlay_color&quot;:&quot;rgba(0,0,0,0.6)&quot;,&quot;show_filters&quot;:&quot;&amp;#8221;off&amp;#8221;&quot;,&quot;multilevel&quot;:&quot;off&quot;,&quot;multilevel_hierarchy&quot;:&quot;off&quot;,&quot;multilevel_hierarchy_tax&quot;:&quot;[{\\&quot;name\\&quot;:\\&quot;category\\&quot;,\\&quot;label\\&quot;:\\&quot;\\&quot;,\\&quot;all\\&quot;:\\&quot;\\&quot;}]&quot;,&quot;multilevel_relation&quot;:&quot;AND&quot;,&quot;multilevel_tax_data&quot;:&quot;[{\\&quot;name\\&quot;:\\&quot;category\\&quot;,\\&quot;label\\&quot;:\\&quot;\\&quot;,\\&quot;all\\&quot;:\\&quot;\\&quot;}]&quot;,&quot;filter_children_terms&quot;:&quot;on&quot;,&quot;use_custom_terms_filters&quot;:&quot;off&quot;,&quot;filter_taxonomies&quot;:&quot;category&quot;,&quot;filter_terms&quot;:&quot;&quot;,&quot;default_filter&quot;:&quot;All&quot;,&quot;filters_order&quot;:&quot;ASC&quot;,&quot;filters_sort&quot;:&quot;id&quot;,&quot;filters_custom&quot;:&quot;&quot;,&quot;hide_all&quot;:&quot;off&quot;,&quot;all_text&quot;:&quot;All&quot;,&quot;s_df&quot;:&quot;off&quot;,&quot;df_col&quot;:&quot;post_date&quot;,&quot;s_df_y&quot;:&quot;on&quot;,&quot;s_df_m&quot;:&quot;on&quot;,&quot;filter_layout&quot;:&quot;button&quot;,&quot;multifilter&quot;:&quot;off&quot;,&quot;multifilter_relation&quot;:&quot;OR&quot;,&quot;show_sort&quot;:&quot;off&quot;,&quot;cf_ob_name&quot;:&quot;&quot;,&quot;cf_ob_type&quot;:&quot;CHAR&quot;,&quot;ajax_filters&quot;:&quot;off&quot;,&quot;cache_on_page&quot;:&quot;off&quot;,&quot;show_pagination&quot;:&quot;&amp;#8221;off&amp;#8221;&quot;,&quot;pagination_type&quot;:&quot;paged&quot;,&quot;ajax_load_more_text&quot;:&quot;Load More&quot;,&quot;previous_icon&quot;:&quot;&amp;#x34;||divi||400&quot;,&quot;next_icon&quot;:&quot;&amp;#x35;||divi||400&quot;,&quot;previous_text&quot;:&quot;&quot;,&quot;next_text&quot;:&quot;&quot;,&quot;pagination_pages&quot;:&quot;2&quot;,&quot;items_layout&quot;:&quot;dp-dfg-layout-grid&quot;,&quot;thumb_width&quot;:&quot;33%&quot;,&quot;items_width&quot;:&quot;&amp;#8221;30%&amp;#8221;&quot;,&quot;items_skin&quot;:&quot;dp-dfg-skin-default&quot;,&quot;primary_view&quot;:&quot;[{\\&quot;name\\&quot;:\\&quot;thumbnail\\&quot;,\\&quot;show\\&quot;:\\&quot;on\\&quot;},{\\&quot;name\\&quot;:\\&quot;overlay\\&quot;,\\&quot;show\\&quot;:\\&quot;on\\&quot;},{\\&quot;name\\&quot;:\\&quot;title\\&quot;,\\&quot;show\\&quot;:\\&quot;off\\&quot;},{\\&quot;name\\&quot;:\\&quot;meta\\&quot;,\\&quot;show\\&quot;:\\&quot;off\\&quot;},{\\&quot;name\\&quot;:\\&quot;ext\\&quot;,\\&quot;show\\&quot;:\\&quot;off\\&quot;},{\\&quot;name\\&quot;:\\&quot;content\\&quot;,\\&quot;show\\&quot;:\\&quot;off\\&quot;},{\\&quot;name\\&quot;:\\&quot;action_button\\&quot;,\\&quot;show\\&quot;:\\&quot;off\\&quot;},{\\&quot;name\\&quot;:\\&quot;read_more_button\\&quot;,\\&quot;show\\&quot;:\\&quot;off\\&quot;},{\\&quot;name\\&quot;:\\&quot;custom_content\\&quot;,\\&quot;show\\&quot;:\\&quot;off\\&quot;}]&quot;,&quot;secondary_view&quot;:&quot;[{\\&quot;name\\&quot;:\\&quot;thumbnail\\&quot;,\\&quot;show\\&quot;:\\&quot;off\\&quot;},{\\&quot;name\\&quot;:\\&quot;title\\&quot;,\\&quot;show\\&quot;:\\&quot;on\\&quot;},{\\&quot;name\\&quot;:\\&quot;meta\\&quot;,\\&quot;show\\&quot;:\\&quot;on\\&quot;},{\\&quot;name\\&quot;:\\&quot;ext\\&quot;,\\&quot;show\\&quot;:\\&quot;on\\&quot;},{\\&quot;name\\&quot;:\\&quot;content\\&quot;,\\&quot;show\\&quot;:\\&quot;on\\&quot;},{\\&quot;name\\&quot;:\\&quot;action_button\\&quot;,\\&quot;show\\&quot;:\\&quot;on\\&quot;},{\\&quot;name\\&quot;:\\&quot;read_more_button\\&quot;,\\&quot;show\\&quot;:\\&quot;on\\&quot;},{\\&quot;name\\&quot;:\\&quot;custom_content\\&quot;,\\&quot;show\\&quot;:\\&quot;on\\&quot;}]&quot;,&quot;popup_template&quot;:&quot;default&quot;,&quot;popup_link_target&quot;:&quot;none&quot;,&quot;popup_code&quot;:&quot;&quot;,&quot;use_overlay_icon&quot;:&quot;on&quot;,&quot;hover_icon&quot;:&quot;&amp;#xe050;||divi||400&quot;,&quot;overlay_icon_color&quot;:&quot;#2ea3f2&quot;,&quot;hover_overlay_color&quot;:&quot;rgba(255,255,255,0.9)&quot;,&quot;show_search&quot;:&quot;off&quot;,&quot;search_position&quot;:&quot;above&quot;,&quot;orderby_search&quot;:&quot;on&quot;,&quot;relevanssi&quot;:&quot;off&quot;,&quot;bg_items&quot;:&quot;&quot;,&quot;admin_label&quot;:&quot;&amp;#8221;Divi&quot;,&quot;module_id&quot;:&quot;&quot;,&quot;module_class&quot;:&quot;&quot;,&quot;dpdfg_entry_title_level&quot;:&quot;h2&quot;,&quot;read_more_button_icon&quot;:&quot;&quot;,&quot;action_button_icon&quot;:&quot;&quot;,&quot;the_ID&quot;:0,&quot;the_author&quot;:1,&quot;seed&quot;:1535,&quot;query_context&quot;:&quot;initial_query&quot;,&quot;conditional_tags&quot;:{&quot;is_user_logged_in&quot;:&quot;off&quot;,&quot;is_front_page&quot;:&quot;off&quot;,&quot;is_singular&quot;:&quot;off&quot;,&quot;is_archive&quot;:&quot;off&quot;,&quot;is_search&quot;:&quot;off&quot;,&quot;is_tax&quot;:&quot;off&quot;,&quot;is_author&quot;:&quot;off&quot;,&quot;is_date&quot;:&quot;off&quot;,&quot;is_post_type&quot;:&quot;off&quot;},&quot;query_var&quot;:{&quot;s&quot;:&quot;&quot;,&quot;year&quot;:&quot;&quot;,&quot;monthnum&quot;:&quot;&quot;,&quot;day&quot;:&quot;&quot;,&quot;post_type&quot;:&quot;&quot;},&quot;custom_data&quot;:[]}\"><\/div><div class=\"dp-dfg-no-results-data\"><div class=\"dp-dfg-no-results\">No results found.<\/div><\/div><div class=\"dp-dfg-loader-data\"><div class=\"dp-dfg-loader-wrapper dp-dfg-loader\"><\/div><\/div><\/div>\n\t\t\t\t<\/div>\n\t\t\t<\/div><\/p>\n","protected":false},"author":1,"featured_media":0,"parent":0,"menu_order":0,"comment_status":"closed","ping_status":"closed","template":"","meta":{"_acf_changed":false,"_et_pb_use_builder":"on","_et_pb_old_content":"","_et_gb_content_width":"","footnotes":""},"class_list":["post-256","page","type-page","status-publish","hentry"],"acf":[],"_links":{"self":[{"href":"https:\/\/amadoraemfesta.pt\/2025\/wp-json\/wp\/v2\/pages\/256","targetHints":{"allow":["GET"]}}],"collection":[{"href":"https:\/\/amadoraemfesta.pt\/2025\/wp-json\/wp\/v2\/pages"}],"about":[{"href":"https:\/\/amadoraemfesta.pt\/2025\/wp-json\/wp\/v2\/types\/page"}],"author":[{"embeddable":true,"href":"https:\/\/amadoraemfesta.pt\/2025\/wp-json\/wp\/v2\/users\/1"}],"replies":[{"embeddable":true,"href":"https:\/\/amadoraemfesta.pt\/2025\/wp-json\/wp\/v2\/comments?post=256"}],"version-history":[{"count":19,"href":"https:\/\/amadoraemfesta.pt\/2025\/wp-json\/wp\/v2\/pages\/256\/revisions"}],"predecessor-version":[{"id":1089,"href":"https:\/\/amadoraemfesta.pt\/2025\/wp-json\/wp\/v2\/pages\/256\/revisions\/1089"}],"wp:attachment":[{"href":"https:\/\/amadoraemfesta.pt\/2025\/wp-json\/wp\/v2\/media?parent=256"}],"curies":[{"name":"wp","href":"https:\/\/api.w.org\/{rel}","templated":true}]}}