{"id":677,"date":"2024-08-27T16:40:32","date_gmt":"2024-08-27T15:40:32","guid":{"rendered":"https:\/\/amadoraemfesta.pt\/2025\/?page_id=677"},"modified":"2025-07-02T11:08:25","modified_gmt":"2025-07-02T10:08:25","slug":"contactos","status":"publish","type":"page","link":"https:\/\/amadoraemfesta.pt\/2025\/contactos\/","title":{"rendered":"Contactos"},"content":{"rendered":"<p>[et_pb_section fb_built=&#8221;1&#8243; _builder_version=&#8221;4.27.0&#8243; _module_preset=&#8221;default&#8221; background_color=&#8221;#FFFFFF&#8221; hover_enabled=&#8221;0&#8243; collapsed=&#8221;off&#8221; global_colors_info=&#8221;{}&#8221; title_text=&#8221;AEF25_SITE_FUNDO&#8221; background_image=&#8221;https:\/\/amadoraemfesta.pt\/2025\/wp-content\/uploads\/2025\/06\/AEF25_SITE_FUNDO.png&#8221; sticky_enabled=&#8221;0&#8243; background_repeat=&#8221;space&#8221;][et_pb_row _builder_version=&#8221;4.27.0&#8243; _module_preset=&#8221;default&#8221; width_tablet=&#8221;&#8221; width_phone=&#8221;90%&#8221; width_last_edited=&#8221;on|phone&#8221; custom_padding=&#8221;0px||||false|false&#8221; global_colors_info=&#8221;{}&#8221;][et_pb_column type=&#8221;4_4&#8243; _builder_version=&#8221;4.27.0&#8243; _module_preset=&#8221;default&#8221; global_colors_info=&#8221;{}&#8221;][et_pb_text _builder_version=&#8221;4.27.0&#8243; _module_preset=&#8221;default&#8221; text_font_size=&#8221;24px&#8221; text_line_height=&#8221;2em&#8221; header_font=&#8221;|600||on|||||&#8221; header_text_align=&#8221;left&#8221; header_text_color=&#8221;#000000&#8243; border_color_all=&#8221;#FFFFFF&#8221; border_style_all=&#8221;dashed&#8221; border_width_bottom=&#8221;2px&#8221; border_color_bottom=&#8221;#000000&#8243; locked=&#8221;off&#8221; global_colors_info=&#8221;{}&#8221;]<\/p>\n<h1>Contactos<\/h1>\n<p>[\/et_pb_text][\/et_pb_column][\/et_pb_row][et_pb_row _builder_version=&#8221;4.27.0&#8243; _module_preset=&#8221;default&#8221; global_colors_info=&#8221;{}&#8221;][et_pb_column type=&#8221;4_4&#8243; _builder_version=&#8221;4.27.0&#8243; _module_preset=&#8221;default&#8221; global_colors_info=&#8221;{}&#8221;][et_pb_text _builder_version=&#8221;4.27.0&#8243; _module_preset=&#8221;default&#8221; text_font=&#8221;|600|||||||&#8221; text_text_color=&#8221;#6b6b6b&#8221; text_orientation=&#8221;center&#8221; global_colors_info=&#8221;{}&#8221;]<\/p>\n<p style=\"text-align: center;\">C\u00e2mara Municipal da Amadora<br \/>Departamento de Educa\u00e7\u00e3o e Desenvolvimento Sociocultural<br \/>Divis\u00e3o de Interven\u00e7\u00e3o Cultural<br \/>Anima\u00e7\u00e3o Cultural<\/p>\n<p>[\/et_pb_text][et_pb_text admin_label=&#8221;Text&#8221; _builder_version=&#8221;4.27.0&#8243; _module_preset=&#8221;default&#8221; text_text_color=&#8221;#000000&#8243; link_text_color=&#8221;#662F80&#8243; text_orientation=&#8221;center&#8221; global_colors_info=&#8221;{}&#8221;]<\/p>\n<p style=\"text-align: center;\"><strong>Recreios da Amadora,<\/strong><br \/><strong>Av. Santos Mattos, 2, Venteira,<\/strong><br \/><strong>2700-748 Amadora<\/strong><\/p>\n<p style=\"text-align: center;\"><strong>Tel:<\/strong>\u00a0<a href=\"tel:214369055\">214 369 055<\/a><br \/><strong>Email:<\/strong>\u00a0<a href=\"mailto:cultura@cm-amadora.pt\">cultura@cm-amadora.pt<\/a><\/p>\n<p>[\/et_pb_text][\/et_pb_column][\/et_pb_row][et_pb_row column_structure=&#8221;2_5,3_5&#8243; make_equal=&#8221;on&#8221; _builder_version=&#8221;4.27.0&#8243; _module_preset=&#8221;default&#8221; width_tablet=&#8221;&#8221; width_phone=&#8221;90%&#8221; width_last_edited=&#8221;on|phone&#8221; global_colors_info=&#8221;{}&#8221;][et_pb_column type=&#8221;2_5&#8243; _builder_version=&#8221;4.27.0&#8243; _module_preset=&#8221;default&#8221; custom_css_main_element=&#8221;align-self:center;&#8221; global_colors_info=&#8221;{}&#8221;][\/et_pb_column][et_pb_column type=&#8221;3_5&#8243; _builder_version=&#8221;4.27.0&#8243; _module_preset=&#8221;default&#8221; global_colors_info=&#8221;{}&#8221;][et_pb_text disabled_on=&#8221;on|on|on&#8221; _builder_version=&#8221;4.27.0&#8243; _module_preset=&#8221;default&#8221; text_text_color=&#8221;#000000&#8243; text_orientation=&#8221;center&#8221; disabled=&#8221;on&#8221; global_colors_info=&#8221;{}&#8221;]<\/p>\n<p>Recreios da Amadora,<br \/>Av. Santos Mattos, 2, Venteira,<br \/>2700-748 Amadora<\/p>\n<p><strong>Tel:<\/strong> <a href=\"tel:214369055\">214 369 055<\/a><br \/><strong>Email:<\/strong> <a href=\"mailto:cultura@cm-amadora.pt\">cultura@cm-amadora.pt<\/a><\/p>\n<p>[\/et_pb_text][et_pb_text disabled_on=&#8221;on|on|on&#8221; _builder_version=&#8221;4.27.0&#8243; _module_preset=&#8221;default&#8221; disabled=&#8221;on&#8221; global_colors_info=&#8221;{}&#8221;]<\/p>\n<p style=\"text-align: center;\"><iframe loading=\"lazy\" style=\"border: 0;\" src=\"https:\/\/www.google.com\/maps\/embed?pb=!1m18!1m12!1m3!1d3111.233773386217!2d-9.23778062351091!3d38.758341854896244!2m3!1f0!2f0!3f0!3m2!1i1024!2i768!4f13.1!3m3!1m2!1s0xd1ecda7e5f0dbd5%3A0x6ea93325470d3cb3!2sAv.%20Santos%20Mattos%202%2C%202700-317%20Amadora!5e0!3m2!1spt-PT!2spt!4v1724773458561!5m2!1spt-PT!2spt\" width=\"100%\" height=\"250\" allowfullscreen=\"allowfullscreen\"><\/iframe><\/p>\n<p>[\/et_pb_text][\/et_pb_column][\/et_pb_row][et_pb_row _builder_version=&#8221;4.27.0&#8243; _module_preset=&#8221;default&#8221; global_colors_info=&#8221;{}&#8221;][et_pb_column type=&#8221;4_4&#8243; _builder_version=&#8221;4.27.0&#8243; _module_preset=&#8221;default&#8221; global_colors_info=&#8221;{}&#8221;][et_pb_text _builder_version=&#8221;4.27.0&#8243; _module_preset=&#8221;default&#8221; global_colors_info=&#8221;{}&#8221;]<\/p>\n<p><iframe loading=\"lazy\" style=\"border: 0;\" src=\"https:\/\/www.google.com\/maps\/embed?pb=!1m18!1m12!1m3!1d3111.233773386217!2d-9.23778062351091!3d38.758341854896244!2m3!1f0!2f0!3f0!3m2!1i1024!2i768!4f13.1!3m3!1m2!1s0xd1ecda7e5f0dbd5%3A0x6ea93325470d3cb3!2sAv.%20Santos%20Mattos%202%2C%202700-317%20Amadora!5e0!3m2!1spt-PT!2spt!4v1724773458561!5m2!1spt-PT!2spt\" width=\"100%\" height=\"250\" allowfullscreen=\"allowfullscreen\"><\/iframe><\/p>\n<p>[\/et_pb_text][\/et_pb_column][\/et_pb_row][\/et_pb_section]<\/p>\n","protected":false},"excerpt":{"rendered":"<p>ContactosC\u00e2mara Municipal da AmadoraDepartamento de Educa\u00e7\u00e3o e Desenvolvimento SocioculturalDivis\u00e3o de Interven\u00e7\u00e3o CulturalAnima\u00e7\u00e3o CulturalRecreios da Amadora,Av. Santos Mattos, 2, Venteira,2700-748 Amadora Tel:\u00a0214 369 055Email:\u00a0cultura@cm-amadora.ptRecreios da Amadora,Av. Santos Mattos, 2, Venteira,2700-748 Amadora [&hellip;]<\/p>\n","protected":false},"author":1,"featured_media":0,"parent":0,"menu_order":0,"comment_status":"closed","ping_status":"closed","template":"","meta":{"_acf_changed":false,"_et_pb_use_builder":"on","_et_pb_old_content":"","_et_gb_content_width":"","footnotes":""},"class_list":["post-677","page","type-page","status-publish","hentry"],"acf":[],"_links":{"self":[{"href":"https:\/\/amadoraemfesta.pt\/2025\/wp-json\/wp\/v2\/pages\/677","targetHints":{"allow":["GET"]}}],"collection":[{"href":"https:\/\/amadoraemfesta.pt\/2025\/wp-json\/wp\/v2\/pages"}],"about":[{"href":"https:\/\/amadoraemfesta.pt\/2025\/wp-json\/wp\/v2\/types\/page"}],"author":[{"embeddable":true,"href":"https:\/\/amadoraemfesta.pt\/2025\/wp-json\/wp\/v2\/users\/1"}],"replies":[{"embeddable":true,"href":"https:\/\/amadoraemfesta.pt\/2025\/wp-json\/wp\/v2\/comments?post=677"}],"version-history":[{"count":23,"href":"https:\/\/amadoraemfesta.pt\/2025\/wp-json\/wp\/v2\/pages\/677\/revisions"}],"predecessor-version":[{"id":1048,"href":"https:\/\/amadoraemfesta.pt\/2025\/wp-json\/wp\/v2\/pages\/677\/revisions\/1048"}],"wp:attachment":[{"href":"https:\/\/amadoraemfesta.pt\/2025\/wp-json\/wp\/v2\/media?parent=677"}],"curies":[{"name":"wp","href":"https:\/\/api.w.org\/{rel}","templated":true}]}}

<p>[et_pb_section fb_built=&#8221;1&#8243; _builder_version=&#8221;4.27.0&#8243; _module_preset=&#8221;default&#8221; background_color=&#8221;#FFFFFF&#8221; hover_enabled=&#8221;0&#8243; collapsed=&#8221;off&#8221; global_colors_info=&#8221;{}&#8221; title_text=&#8221;AEF25_SITE_FUNDO&#8221; background_image=&#8221;https://amadoraemfesta.pt/2025/wp-content/uploads/2025/06/AEF25_SITE_FUNDO.png&#8221; sticky_enabled=&#8221;0&#8243; background_repeat=&#8221;space&#8221;][et_pb_row _builder_version=&#8221;4.27.0&#8243; _module_preset=&#8221;default&#8221; width_tablet=&#8221;&#8221; width_phone=&#8221;90%&#8221; width_last_edited=&#8221;on|phone&#8221; custom_padding=&#8221;0px||||false|false&#8221; global_colors_info=&#8221;{}&#8221;][et_pb_column type=&#8221;4_4&#8243; _builder_version=&#8221;4.27.0&#8243; _module_preset=&#8221;default&#8221; global_colors_info=&#8221;{}&#8221;][et_pb_text _builder_version=&#8221;4.27.0&#8243; _module_preset=&#8221;default&#8221; text_font_size=&#8221;24px&#8221; text_line_height=&#8221;2em&#8221; header_font=&#8221;|600||on|||||&#8221; header_text_align=&#8221;left&#8221; header_text_color=&#8221;#000000&#8243; border_color_all=&#8221;#FFFFFF&#8221; border_style_all=&#8221;dashed&#8221; border_width_bottom=&#8221;2px&#8221; border_color_bottom=&#8221;#000000&#8243; locked=&#8221;off&#8221; global_colors_info=&#8221;{}&#8221;]</p>
<h1>Contactos</h1>
<p>[/et_pb_text][/et_pb_column][/et_pb_row][et_pb_row _builder_version=&#8221;4.27.0&#8243; _module_preset=&#8221;default&#8221; global_colors_info=&#8221;{}&#8221;][et_pb_column type=&#8221;4_4&#8243; _builder_version=&#8221;4.27.0&#8243; _module_preset=&#8221;default&#8221; global_colors_info=&#8221;{}&#8221;][et_pb_text _builder_version=&#8221;4.27.0&#8243; _module_preset=&#8221;default&#8221; text_font=&#8221;|600|||||||&#8221; text_text_color=&#8221;#6b6b6b&#8221; text_orientation=&#8221;center&#8221; global_colors_info=&#8221;{}&#8221;]</p>
<p style="text-align: center;">Câmara Municipal da Amadora<br />Departamento de Educação e Desenvolvimento Sociocultural<br />Divisão de Intervenção Cultural<br />Animação Cultural</p>
<p>[/et_pb_text][et_pb_text admin_label=&#8221;Text&#8221; _builder_version=&#8221;4.27.0&#8243; _module_preset=&#8221;default&#8221; text_text_color=&#8221;#000000&#8243; link_text_color=&#8221;#662F80&#8243; text_orientation=&#8221;center&#8221; global_colors_info=&#8221;{}&#8221;]</p>
<p style="text-align: center;"><strong>Recreios da Amadora,</strong><br /><strong>Av. Santos Mattos, 2, Venteira,</strong><br /><strong>2700-748 Amadora</strong></p>
<p style="text-align: center;"><strong>Tel:</strong> <a href="tel:214369055">214 369 055</a><br /><strong>Email:</strong> <a href="mailto:cultura@cm-amadora.pt">cultura@cm-amadora.pt</a></p>
<p>[/et_pb_text][/et_pb_column][/et_pb_row][et_pb_row column_structure=&#8221;2_5,3_5&#8243; make_equal=&#8221;on&#8221; _builder_version=&#8221;4.27.0&#8243; _module_preset=&#8221;default&#8221; width_tablet=&#8221;&#8221; width_phone=&#8221;90%&#8221; width_last_edited=&#8221;on|phone&#8221; global_colors_info=&#8221;{}&#8221;][et_pb_column type=&#8221;2_5&#8243; _builder_version=&#8221;4.27.0&#8243; _module_preset=&#8221;default&#8221; custom_css_main_element=&#8221;align-self:center;&#8221; global_colors_info=&#8221;{}&#8221;][/et_pb_column][et_pb_column type=&#8221;3_5&#8243; _builder_version=&#8221;4.27.0&#8243; _module_preset=&#8221;default&#8221; global_colors_info=&#8221;{}&#8221;][et_pb_text disabled_on=&#8221;on|on|on&#8221; _builder_version=&#8221;4.27.0&#8243; _module_preset=&#8221;default&#8221; text_text_color=&#8221;#000000&#8243; text_orientation=&#8221;center&#8221; disabled=&#8221;on&#8221; global_colors_info=&#8221;{}&#8221;]</p>
<p>Recreios da Amadora,<br />Av. Santos Mattos, 2, Venteira,<br />2700-748 Amadora</p>
<p><strong>Tel:</strong> <a href="tel:214369055">214 369 055</a><br /><strong>Email:</strong> <a href="mailto:cultura@cm-amadora.pt">cultura@cm-amadora.pt</a></p>
<p>[/et_pb_text][et_pb_text disabled_on=&#8221;on|on|on&#8221; _builder_version=&#8221;4.27.0&#8243; _module_preset=&#8221;default&#8221; disabled=&#8221;on&#8221; global_colors_info=&#8221;{}&#8221;]</p>
<p style="text-align: center;"><iframe loading="lazy" style="border: 0;" src="https://www.google.com/maps/embed?pb=!1m18!1m12!1m3!1d3111.233773386217!2d-9.23778062351091!3d38.758341854896244!2m3!1f0!2f0!3f0!3m2!1i1024!2i768!4f13.1!3m3!1m2!1s0xd1ecda7e5f0dbd5%3A0x6ea93325470d3cb3!2sAv.%20Santos%20Mattos%202%2C%202700-317%20Amadora!5e0!3m2!1spt-PT!2spt!4v1724773458561!5m2!1spt-PT!2spt" width="100%" height="250" allowfullscreen="allowfullscreen"></iframe></p>
<p>[/et_pb_text][/et_pb_column][/et_pb_row][et_pb_row _builder_version=&#8221;4.27.0&#8243; _module_preset=&#8221;default&#8221; global_colors_info=&#8221;{}&#8221;][et_pb_column type=&#8221;4_4&#8243; _builder_version=&#8221;4.27.0&#8243; _module_preset=&#8221;default&#8221; global_colors_info=&#8221;{}&#8221;][et_pb_text _builder_version=&#8221;4.27.0&#8243; _module_preset=&#8221;default&#8221; global_colors_info=&#8221;{}&#8221;]</p>
<p><iframe loading="lazy" style="border: 0;" src="https://www.google.com/maps/embed?pb=!1m18!1m12!1m3!1d3111.233773386217!2d-9.23778062351091!3d38.758341854896244!2m3!1f0!2f0!3f0!3m2!1i1024!2i768!4f13.1!3m3!1m2!1s0xd1ecda7e5f0dbd5%3A0x6ea93325470d3cb3!2sAv.%20Santos%20Mattos%202%2C%202700-317%20Amadora!5e0!3m2!1spt-PT!2spt!4v1724773458561!5m2!1spt-PT!2spt" width="100%" height="250" allowfullscreen="allowfullscreen"></iframe></p>
<p>[/et_pb_text][/et_pb_column][/et_pb_row][/et_pb_section]</p>

<p>ContactosCâmara Municipal da AmadoraDepartamento de Educação e Desenvolvimento SocioculturalDivisão de Intervenção CulturalAnimação CulturalRecreios da Amadora,Av. Santos Mattos, 2, Venteira,2700-748 Amadora Tel: 214 369 055Email: cultura@cm-amadora.ptRecreios da Amadora,Av. Santos Mattos, 2, Venteira,2700-748 Amadora [&hellip;]</p>
