{"id":1133,"date":"2025-07-10T16:44:55","date_gmt":"2025-07-10T15:44:55","guid":{"rendered":"https:\/\/amadoraemfesta.pt\/2025\/?post_type=tribe_events&#038;p=1133"},"modified":"2025-07-17T14:20:09","modified_gmt":"2025-07-17T13:20:09","slug":"o-bestiario-ou-cortejo-de-orfeu-esculturas-de-joao-limpinho-1947-2015","status":"publish","type":"tribe_events","link":"https:\/\/amadoraemfesta.pt\/2025\/evento\/o-bestiario-ou-cortejo-de-orfeu-esculturas-de-joao-limpinho-1947-2015\/","title":{"rendered":"\u201cO Besti\u00e1rio ou Cortejo de Orfeu\u201d Esculturas de Jo\u00e3o Limpinho (1947-2015)"},"content":{"rendered":"<p>Conjunto de 30 esculturas em ferro e outros materiais, quase todas in\u00e9ditas, realizadas pelo escultor no seu estilo divertido e inesperado. Neste cortejo as v\u00e1rias bestas seguem quatro Orfeus \u201cilustrando\u201d os trinta poemas do livro &#8220;O Besti\u00e1rio ou Cortejo de Orfeu&#8221; de Guillaume Apollinaire, traduzidos para portugu\u00eas, especificamente para este projeto, por Margarida Periquito. Inaugura\u00e7\u00e3o \u00e0s 18h30.<\/p>\n","protected":false},"excerpt":{"rendered":"<p>Conjunto de 30 esculturas em ferro e outros materiais, quase todas in\u00e9ditas, realizadas pelo escultor no seu estilo divertido e inesperado. Neste cortejo as v\u00e1rias bestas seguem quatro Orfeus \u201cilustrando\u201d [&hellip;]<\/p>\n","protected":false},"author":3,"featured_media":1207,"template":"","meta":{"_acf_changed":false,"_et_pb_use_builder":"","_et_pb_old_content":"","_et_gb_content_width":"","_tribe_events_status":"","_tribe_events_status_reason":"","footnotes":""},"tags":[],"tribe_events_cat":[17],"class_list":["post-1133","tribe_events","type-tribe_events","status-publish","has-post-thumbnail","hentry","tribe_events_cat-exposicoes","cat_exposicoes"],"acf":[],"_links":{"self":[{"href":"https:\/\/amadoraemfesta.pt\/2025\/wp-json\/wp\/v2\/tribe_events\/1133","targetHints":{"allow":["GET"]}}],"collection":[{"href":"https:\/\/amadoraemfesta.pt\/2025\/wp-json\/wp\/v2\/tribe_events"}],"about":[{"href":"https:\/\/amadoraemfesta.pt\/2025\/wp-json\/wp\/v2\/types\/tribe_events"}],"author":[{"embeddable":true,"href":"https:\/\/amadoraemfesta.pt\/2025\/wp-json\/wp\/v2\/users\/3"}],"version-history":[{"count":1,"href":"https:\/\/amadoraemfesta.pt\/2025\/wp-json\/wp\/v2\/tribe_events\/1133\/revisions"}],"predecessor-version":[{"id":1134,"href":"https:\/\/amadoraemfesta.pt\/2025\/wp-json\/wp\/v2\/tribe_events\/1133\/revisions\/1134"}],"wp:featuredmedia":[{"embeddable":true,"href":"https:\/\/amadoraemfesta.pt\/2025\/wp-json\/wp\/v2\/media\/1207"}],"wp:attachment":[{"href":"https:\/\/amadoraemfesta.pt\/2025\/wp-json\/wp\/v2\/media?parent=1133"}],"wp:term":[{"taxonomy":"post_tag","embeddable":true,"href":"https:\/\/amadoraemfesta.pt\/2025\/wp-json\/wp\/v2\/tags?post=1133"},{"taxonomy":"tribe_events_cat","embeddable":true,"href":"https:\/\/amadoraemfesta.pt\/2025\/wp-json\/wp\/v2\/tribe_events_cat?post=1133"}],"curies":[{"name":"wp","href":"https:\/\/api.w.org\/{rel}","templated":true}]}}

“O Bestiário ou Cortejo de Orfeu” Esculturas de João Limpinho (1947-2015)

<p>Conjunto de 30 esculturas em ferro e outros materiais, quase todas inéditas, realizadas pelo escultor no seu estilo divertido e inesperado. Neste cortejo as várias bestas seguem quatro Orfeus “ilustrando” os trinta poemas do livro &#8220;O Bestiário ou Cortejo de Orfeu&#8221; de Guillaume Apollinaire, traduzidos para português, especificamente para este projeto, por Margarida Periquito. Inauguração às 18h30.</p>

<p>Conjunto de 30 esculturas em ferro e outros materiais, quase todas inéditas, realizadas pelo escultor no seu estilo divertido e inesperado. Neste cortejo as várias bestas seguem quatro Orfeus “ilustrando” [&hellip;]</p>
