{"id":1249,"date":"2025-07-15T17:06:52","date_gmt":"2025-07-15T16:06:52","guid":{"rendered":"https:\/\/amadoraemfesta.pt\/2025\/?post_type=tribe_events&#038;p=1249"},"modified":"2025-08-29T16:29:58","modified_gmt":"2025-08-29T15:29:58","slug":"exposicao-temporaria-roque-gameiro-modelos-vivos-da-lisboa-velha","status":"publish","type":"tribe_events","link":"https:\/\/amadoraemfesta.pt\/2025\/evento\/exposicao-temporaria-roque-gameiro-modelos-vivos-da-lisboa-velha\/","title":{"rendered":"Exposi\u00e7\u00e3o tempor\u00e1ria \u201cModelos Vivos da Lisboa Velha. Alfredo Roque Gameiro\u201d"},"content":{"rendered":"<p><span class=\"TextRun Highlight SCXW252731803 BCX8\" lang=\"PT-PT\" xml:lang=\"PT-PT\" data-contrast=\"none\"><span class=\"NormalTextRun SCXW252731803 BCX8\">ROQUE GAMEIRO. \u201cMODELOS VIVOS DA LISBOA VELHA\u201d celebra o centen\u00e1rio da primeira edi\u00e7\u00e3o do \u00e1lbum Lisboa Velha (1925), reunindo cem aguarelas e desenhos de Alfredo Roque Gameiro (1864-1935). Ato de homenagem que \u00e9 tamb\u00e9m ocasi\u00e3o para recordar a Lisboa \u201cfora de portas\u201d, com trabalhos de outros artistas seus familiares, os filhos Raquel, Manuel e Helena, e o genro Jaime Martins Barata. As obras apresentadas convidam a uma viagem a Lisboa e aos seus arredores de <\/span><span class=\"NormalTextRun SCXW252731803 BCX8\">h\u00e1 cem anos atr\u00e1s<\/span><span class=\"NormalTextRun SCXW252731803 BCX8\">.<\/span><\/span><\/p>\n<p><span class=\"EOP SCXW252731803 BCX8\" data-ccp-props=\"{&quot;335551550&quot;:6,&quot;335551620&quot;:6}\"><span class=\"EOP SCXW223525958 BCX8\" data-ccp-props=\"{&quot;335551550&quot;:6,&quot;335551620&quot;:6}\"><span data-olk-copy-source=\"MessageBody\">Ter\u00e7a-feira a s\u00e1bado 10h00 \u00e0s 17h30 | Domingos, 14h30 \u00e0s 17h30 | Aberto aos feriados<\/span> <\/span>\u00a0<\/span><\/p>\n","protected":false},"excerpt":{"rendered":"<p>ROQUE GAMEIRO. \u201cMODELOS VIVOS DA LISBOA VELHA\u201d celebra o centen\u00e1rio da primeira edi\u00e7\u00e3o do \u00e1lbum Lisboa Velha (1925), reunindo cem aguarelas e desenhos de Alfredo Roque Gameiro (1864-1935). Ato de [&hellip;]<\/p>\n","protected":false},"author":3,"featured_media":1250,"template":"","meta":{"_acf_changed":false,"_et_pb_use_builder":"","_et_pb_old_content":"","_et_gb_content_width":"","_tribe_events_status":"","_tribe_events_status_reason":"","footnotes":""},"tags":[],"tribe_events_cat":[17],"class_list":["post-1249","tribe_events","type-tribe_events","status-publish","has-post-thumbnail","hentry","tribe_events_cat-exposicoes","cat_exposicoes"],"acf":[],"_links":{"self":[{"href":"https:\/\/amadoraemfesta.pt\/2025\/wp-json\/wp\/v2\/tribe_events\/1249","targetHints":{"allow":["GET"]}}],"collection":[{"href":"https:\/\/amadoraemfesta.pt\/2025\/wp-json\/wp\/v2\/tribe_events"}],"about":[{"href":"https:\/\/amadoraemfesta.pt\/2025\/wp-json\/wp\/v2\/types\/tribe_events"}],"author":[{"embeddable":true,"href":"https:\/\/amadoraemfesta.pt\/2025\/wp-json\/wp\/v2\/users\/3"}],"version-history":[{"count":3,"href":"https:\/\/amadoraemfesta.pt\/2025\/wp-json\/wp\/v2\/tribe_events\/1249\/revisions"}],"predecessor-version":[{"id":1348,"href":"https:\/\/amadoraemfesta.pt\/2025\/wp-json\/wp\/v2\/tribe_events\/1249\/revisions\/1348"}],"wp:featuredmedia":[{"embeddable":true,"href":"https:\/\/amadoraemfesta.pt\/2025\/wp-json\/wp\/v2\/media\/1250"}],"wp:attachment":[{"href":"https:\/\/amadoraemfesta.pt\/2025\/wp-json\/wp\/v2\/media?parent=1249"}],"wp:term":[{"taxonomy":"post_tag","embeddable":true,"href":"https:\/\/amadoraemfesta.pt\/2025\/wp-json\/wp\/v2\/tags?post=1249"},{"taxonomy":"tribe_events_cat","embeddable":true,"href":"https:\/\/amadoraemfesta.pt\/2025\/wp-json\/wp\/v2\/tribe_events_cat?post=1249"}],"curies":[{"name":"wp","href":"https:\/\/api.w.org\/{rel}","templated":true}]}}

Exposição temporária “Modelos Vivos da Lisboa Velha. Alfredo Roque Gameiro”

<p><span class="TextRun Highlight SCXW252731803 BCX8" lang="PT-PT" xml:lang="PT-PT" data-contrast="none"><span class="NormalTextRun SCXW252731803 BCX8">ROQUE GAMEIRO. “MODELOS VIVOS DA LISBOA VELHA” celebra o centenário da primeira edição do álbum Lisboa Velha (1925), reunindo cem aguarelas e desenhos de Alfredo Roque Gameiro (1864-1935). Ato de homenagem que é também ocasião para recordar a Lisboa “fora de portas”, com trabalhos de outros artistas seus familiares, os filhos Raquel, Manuel e Helena, e o genro Jaime Martins Barata. As obras apresentadas convidam a uma viagem a Lisboa e aos seus arredores de </span><span class="NormalTextRun SCXW252731803 BCX8">há cem anos atrás</span><span class="NormalTextRun SCXW252731803 BCX8">.</span></span></p>
<p><span class="EOP SCXW252731803 BCX8" data-ccp-props="{&quot;335551550&quot;:6,&quot;335551620&quot;:6}"><span class="EOP SCXW223525958 BCX8" data-ccp-props="{&quot;335551550&quot;:6,&quot;335551620&quot;:6}"><span data-olk-copy-source="MessageBody">Terça-feira a sábado 10h00 às 17h30 | Domingos, 14h30 às 17h30 | Aberto aos feriados</span> </span> </span></p>

<p>ROQUE GAMEIRO. “MODELOS VIVOS DA LISBOA VELHA” celebra o centenário da primeira edição do álbum Lisboa Velha (1925), reunindo cem aguarelas e desenhos de Alfredo Roque Gameiro (1864-1935). Ato de [&hellip;]</p>
